se
Is 44417 a prime number?
True
Is 81149 a composite number?
True
Is 296371 composite?
True
Is 4703 composite?
False
Is 3137 composite?
False
Is 59146 a composite number?
True
Is 47665 composite?
True
Is 6131 prime?
True
Is 126307 a prime number?
True
Is 2719 prime?
True
Is 231454 a composite number?
True
Is 1039733 prime?
True
Is 146819 composite?
False
Is 15097 composite?
True
Is 11513 prime?
False
Is 4272941 composite?
False
Is 212989 composite?
True
Is 468005 composite?
True
Is 1904915 prime?
False
Is 77635 a composite number?
True
Is 2267 prime?
True
Is 18517 composite?
False
Is 375733 a prime number?
False
Is 52963 a composite number?
False
Is 1661701 prime?
False
Is 32137 a composite number?
True
Is 161453 a prime number?
True
Is 8461 composite?
False
Is 73813 a prime number?
False
Is 79259 composite?
False
Is 1612211 prime?
True
Is 1777 a prime number?
True
Is 33427 a prime number?
True
Is 5851267 a prime number?
False
Is 89153 a prime number?
True
Is 73751 a composite number?
False
Is 65599 a prime number?
True
Is 8509 a prime number?
False
Is 2302 composite?
True
Is 180563 prime?
True
Is 1249 composite?
False
Is 16285 a prime number?
False
Is 28309 a prime number?
True
Is 1121777 prime?
False
Is 12981 prime?
False
Is 1255 prime?
False
Is 1699055 a composite number?
True
Is 2333 a composite number?
False
Is 27623 prime?
False
Is 61715 a prime number?
False
Is 93079 prime?
False
Is 157687 a composite number?
True
Is 221653 prime?
True
Is 139091 prime?
True
Is 12419 a composite number?
True
Is 1942627 a prime number?
True
Is 462721 prime?
False
Is 33279 a composite number?
True
Is 66607 prime?
False
Is 1264442 a composite number?
True
Is 584167 a composite number?
False
Is 6899 a prime number?
True
Is 2179 composite?
False
Is 59138 a composite number?
True
Is 2897 prime?
True
Is 380113 composite?
True
Is 2933849 prime?
True
Is 1297495 a prime number?
False
Is 76343 prime?
True
Is 427099 a prime number?
False
Is 1087 a composite number?
False
Is 23515 a prime number?
False
Is 4183 composite?
True
Is 81323 a prime number?
False
Is 168409 a prime number?
True
Is 160507 a composite number?
False
Is 2309 a prime number?
True
Is 121109 a prime number?
False
Is 1269134 prime?
False
Is 1801 a prime number?
True
Is 105167 composite?
False
Is 574363 a prime number?
True
Is 2789 prime?
True
Is 561277 prime?
True
Is 5737 composite?
False
Is 66217 composite?
True
Is 3659 a prime number?
True
Is 1535 composite?
True
Is 2999 prime?
True
Is 841567 composite?
True
Is 52597 a prime number?
False
Is 42613 a prime number?
False
Is 3024005 a composite number?
True
Is 4911 a prime number?
False
Is 3761 prime?
True
Is 712401 prime?
False
Is 58291 composite?
True
Is 31469 a prime number?
True
Is 939821 a prime number?
False
Is 30386 prime?
False
Is 459545 a composite number?
True
Is 227789 a composite number?
False
Is 7897 composite?
True
Is 1061189 a composite number?
False
Is 563869 composite?
False
Is 7291 a composite number?
True
Is 107405 a prime number?
False
Is 19841 composite?
False
Is 294815 prime?
False
Is 57313 composite?
True
Is 513131 a prime number?
True
Is 234331 prime?
True
Is 261871 a prime number?
False
Is 3098209 prime?
True
Is 1349 a prime number?
False
Is 4571 a composite number?
True
Is 2381815 a composite number?
True
Is 3195077 a prime number?
False
Is 73417 composite?
False
Is 358013 prime?
False
Is 41801 prime?
True
Is 77117 composite?
True
Is 1122686 composite?
True
Is 2053 composite?
False
Is 45829 a composite number?
True
Is 1134137 prime?
True
Is 65459 a composite number?
True
Is 68342 a composite number?
True
Is 86063 a prime number?
False
Is 15677 a prime number?
False
Is 68837 prime?
False
Is 3734 prime?
False
Is 585547 composite?
False
Is 56111 a composite number?
True
Is 158482 a composite number?
True
Is 4406 a composite number?
True
Is 39661 a prime number?
False
Is 8861 a composite number?
False
Is 14713 prime?
True
Is 56197 a prime number?
True
Is 18041 prime?
True
Is 695351 a composite number?
True
Is 4954 composite?
True
Is 886781 a composite number?
True
Is 323681 a prime number?
False
Is 15683 a prime number?
True
Is 31001 a prime number?
False
Is 18341 composite?
False
Is 59435 composite?
True
Is 295003 prime?
False
Is 254287 composite?
True
Is 115963 prime?
True
Is 8545 a prime number?
False
Is 5111 a composite number?
True
Is 215911 prime?
False
Is 4279 composite?
True
Is 5627 prime?
False
Is 76471 composite?
False
Is 673 composite?
False
Is 255637 a composite number?
False
Is 463009 composite?
True
Is 122663 prime?
True
Is 1009 prime?
True
Is 4783 a prime number?
True
Is 2398987 a composite number?
False
Is 4751 prime?
True
Is 18895 prime?
False
Is 9293 prime?
True
Is 8129 composite?
True
Is 453953 prime?
False
Is 183437 prime?
True
Is 52463 a prime number?
False
Is 8663 a prime number?
True
Is 3223 a prime number?
False
Is 587 a prime number?
True
Is 138289 a composite number?
False
Is 9305 a prime number?
False
Is 5669 composite?
False
Is 930491 prime?
True
Is 111859 prime?
False
Is 26099 composite?
False
Is 743 prime?
True
Is 39031 composite?
True
Is 3442 a composite number?
True
Is 1511333 composite?
True
Is 54371 a composite number?
False
Is 71 a prime number?
True
Is 1439 composite?
False
Is 2417 a composite number?
False
Is 117779 a prime number?
True
Is 13217 prime?
True
Is 259107 a prime number?
False
Is 10831 composite?
False
Is 29629 prime?
True
Is 559739 a composite number?
False
Is 11735 a prime number?
False
Is 3155 composite?
True
Is 191 a composite number?
False
Is 2167171 a composite number?
True
Is 5507 composite?
False
Is 153638 composite?
True
Is 1834997 a composite number?
True
Is 55469 composite?
False
Is 564013 composite?
False
Is 889 a prime number?
False
Is 7103 a composite number?
False
Is 43207 a prime number?
True
Is 2371 a prime number?
True
Is 18587 prime?
True
Is 93601 a prime number?
True
Is 44729 prime?
True
Is 28081 prime?
True
Is 295121 a composite number?
True
Is 341 a prime number?
False
Is 878489 prime?
True
Is 513899 composite?
False
Is 317503 composite?
False
Is 18965 a prime number?
False
Is 659 a prime number?
True
Is 2649905 prime?
False
Is 335893 a composite number?
False
Is 14893 a prime number?
False
Is 2323747 composite?
True
Is 292661 a composite number?
False
Is 66821 a prime number?
True
Is 934387 a composite number?
False
Is 399041 prime?
False
Is 52667 a prime number?
True
Is 3947 a composite number?
False
Is 27539 prime?
True
Is 423277 a prime number?
True
Is 176557 prime?
True
Is 233303 composite?
True
Is 49079 prime?
False
Is 12655 prime?
False
Is 10589 composite?
False
Is 100279 composite?
False
Is 2207 composite?
False
Is 166 prime?
False
Is 122281 a composite number?
True
Is 3251 composite?
False
Is 224641 a composite number?
True
Is 9609 a composite number?
True
Is 51007 a prime number?
False
Is 190837 a composite number?
False
Is 25778 a prime number?
False
Is 62635 a composite number?
True
Is 18263 composite?
True
Is 1699619 a prime number?
True
Is 36349 a prime number?
False
Is 3935 composite?
True
Is 11197 prime?
True
Is 11629 a prime number?
False
Is 1916179 prime?
True
Is 10037 a composite number?
False
Is 587 prime?
True
Is 43657 a prime number?
False
Is 74071 a prime number?
True
Is 38053 a composite number?
False
Is 90161 composite?
True
Is 243307 prime?
False
Is 820327 prime?
False
Is 181799 a prime number?
False
Is 11878 a prime number?
False
Is 592793 a composite number?
False
Is 3787 composite?
True
Is 33149 composite?
False
Is 14995 a prime number?
False
Is 16757 composite?
True
Is 464605 composite?
True
Is 33107 prime?
True
Is 136757 prime?
False
Is 657791 prime?
False
Is 583 composite?
True
Is 1037033 composite?
True
Is 8545 composite?
True
Is 94993 a prime number?
True
Is 52489 a prime number?
True
Is 2243 prime?
True
Is 537857 prime?
False
Is 597877 composite?
True
Is 272341 prime?
True
Is 165643 composite?
True
Is 613597 prime?
True
Is 6979 composite?
True
Is 143909 a prime number?
True
Is 7003 a prime number?
False
Is 19519 composite?
True
Is 34849 prime?
True
Is 4533 prime?
False
Is 12515 prime?
False
Is 78955 a composite number?
True
Is 14867 a composite number?
False
Is 348089 a composite number?
True
Is 7297 a prime number?
Tr